e hundreds digit of 7565611?
6
What is the ten thousands digit of 174067?
7
What is the hundreds digit of 37543085?
0
What is the millions digit of 2361396?
2
What is the hundreds digit of 119994?
9
What is the hundred thousands digit of 606171?
6
What is the hundred thousands digit of 111004?
1
What is the hundreds digit of 61269?
2
What is the units digit of 201858?
8
What is the hundreds digit of 35347440?
4
What is the hundreds digit of 735828?
8
What is the thousands digit of 4556138?
6
What is the ten thousands digit of 112495?
1
What is the ten thousands digit of 551894?
5
What is the units digit of 571804?
4
What is the tens digit of 860849?
4
What is the millions digit of 3705711?
3
What is the thousands digit of 4511639?
1
What is the thousands digit of 433314?
3
What is the units digit of 182553?
3
What is the tens digit of 4950721?
2
What is the ten thousands digit of 3150992?
5
What is the tens digit of 547265?
6
What is the thousands digit of 4336665?
6
What is the thousands digit of 8059259?
9
What is the hundreds digit of 19450307?
3
What is the millions digit of 16373430?
6
What is the thousands digit of 2640942?
0
What is the thousands digit of 18637070?
7
What is the tens digit of 21328668?
6
What is the tens digit of 10414252?
5
What is the hundred thousands digit of 3643457?
6
What is the tens digit of 31760?
6
What is the hundred thousands digit of 2300106?
3
What is the hundreds digit of 10979379?
3
What is the hundred thousands digit of 1111213?
1
What is the ten thousands digit of 104757?
0
What is the units digit of 1367337?
7
What is the hundreds digit of 471370?
3
What is the hundreds digit of 4095695?
6
What is the hundreds digit of 260584?
5
What is the hundreds digit of 3259049?
0
What is the tens digit of 260399?
9
What is the ten thousands digit of 1212704?
1
What is the units digit of 7169945?
5
What is the tens digit of 9656033?
3
What is the ten thousands digit of 209224?
0
What is the hundreds digit of 7780157?
1
What is the tens digit of 364572?
7
What is the hundred thousands digit of 362440?
3
What is the hundreds digit of 223945?
9
What is the hundreds digit of 69338?
3
What is the ten thousands digit of 25869569?
6
What is the hundred thousands digit of 104393?
1
What is the tens digit of 817780?
8
What is the millions digit of 4699783?
4
What is the hundreds digit of 347443?
4
What is the hundreds digit of 12653903?
9
What is the hundreds digit of 19511033?
0
What is the hundreds digit of 1174309?
3
What is the hundred thousands digit of 313140?
3
What is the ten thousands digit of 4964744?
6
What is the millions digit of 2233470?
2
What is the ten thousands digit of 11729041?
2
What is the tens digit of 12332787?
8
What is the units digit of 295753?
3
What is the millions digit of 1096606?
1
What is the ten thousands digit of 26698110?
9
What is the tens digit of 24641044?
4
What is the thousands digit of 6505988?
5
What is the units digit of 3958860?
0
What is the hundred thousands digit of 233859?
2
What is the ten thousands digit of 81673?
8
What is the ten thousands digit of 495534?
9
What is the millions digit of 6799702?
6
What is the thousands digit of 9296430?
6
What is the hundred thousands digit of 1938070?
9
What is the tens digit of 11500685?
8
What is the units digit of 7758?
8
What is the ten thousands digit of 276699?
7
What is the millions digit of 18763555?
8
What is the hundreds digit of 14676014?
0
What is the hundred thousands digit of 4450740?
4
What is the ten thousands digit of 477886?
7
What is the millions digit of 3051736?
3
What is the millions digit of 32474155?
2
What is the units digit of 1738915?
5
What is the thousands digit of 1487673?
7
What is the ten thousands digit of 694374?
9
What is the units digit of 874371?
1
What is the hundred thousands digit of 3203637?
2
What is the hundreds digit of 76727?
7
What is the units digit of 2939450?
0
What is the millions digit of 7552107?
7
What is the hundreds digit of 2262454?
4
What is the thousands digit of 10604765?
4
What is the hundreds digit of 1410789?
7
What is the hundred thousands digit of 3178260?
1
What is the hundreds digit of 25096826?
8
What is the ten thousands digit of 182351?
8
What is the millions digit of 4108381?
4
What is the hundreds digit of 24345?
3
What is the tens digit of 6313934?
3
What is the millions digit of 30081174?
0
What is the hundreds digit of 7009012?
0
What is the hundred thousands digit of 13679830?
6
What is the units digit of 10939364?
4
What is the hundred thousands digit of 3680627?
6
What is the units digit of 6739527?
7
What is the ten thousands digit of 505238?
0
What is the hundreds digit of 510676?
6
What is the thousands digit of 16562081?
2
What is the units digit of 3828512?
2
What is the thousands digit of 295356?
5
What is the hundreds digit of 4550775?
7
What is the thousands digit of 1185071?
5
What is the units digit of 5980008?
8
What is the millions digit of 3437203?
3
What is the ten thousands digit of 967066?
6
What is the tens digit of 3241434?
3
What is the millions digit of 3231742?
3
What is the tens digit of 553371?
7
What is the hundreds digit of 667203?
2
What is the tens digit of 1106810?
1
What is the tens digit of 71029?
2
What is the ten thousands digit of 588527?
8
What is the ten thousands digit of 5748934?
4
What is the hundred thousands digit of 605931?
6
What is the units digit of 341529?
9
What is the ten thousands digit of 7840089?
4
What is the ten thousands digit of 260656?
6
What is the hundreds digit of 526736?
7
What is the tens digit of 474351?
5
What is the ten millions digit of 14011603?
1
What is the thousands digit of 73782?
3
What is the ten millions digit of 29342381?
2
What is the tens digit of 561645?
4
What is the ten thousands digit of 3756340?
5
What is the units digit of 3818776?
6
What is the hundred thousands digit of 206330?
2
What is the ten thousands digit of 6158310?
5
What is the units digit of 799276?
6
What is the ten millions digit of 11565074?
1
What is the thousands digit of 458051?
8
What is the hundred thousands digit of 2179036?
1
What is the units digit of 62766?
6
What is the tens digit of 23048225?
2
What is the thousands digit of 18683848?
3
What is the ten thousands digit of 5476282?
7
What is the ten thousands digit of 97641?
9
What is the thousands digit of 8779524?
9
What is the hundred thousands digit of 6406213?
4
What is the tens digit of 1369741?
4
What is the ten thousands digit of 1059393?
5
What is the ten thousands digit of 1304453?
0
What is the ten thousands digit of 251442?
5
What is the millions digit of 12662648?
2
What is the thousands digit of 3652952?
2
What is the units digit of 1164772?
2
What is the tens digit of 39093?
9
What is the hundreds digit of 666390?
3
What is the millions digit of 1337554?
1
What is the ten thousands digit of 4380231?
8
What is the ten thousands digit of 10225147?
2
What is the hundred thousands digit of 511479?
5
What is the thousands digit of 217845?
7
What is the thousands digit of 3102637?
2
What is the tens digit of 1619829?
2
What is the thousands digit of 31232365?
2
What is the tens digit of 7774309?
0
What is the units digit of 1991130?
0
What is the tens digit of 7799788?
8
What is the hundreds digit of 9576528?
5
What is the tens digit of 73847?
4
What is the tens digit of 493479?
7
What is the hundreds digit of 1182479?
4
What is the ten thousands digit of 32940?
3
What is the units digit of 41046?
6
What is the ten millions digit of 23588118?
2
What is the hundred thousands digit of 226363?
2
What is the tens digit of 2008885?
8
What is the hundred thousands digit of 1221760?
2
What is the units digit of 124395?
5
What is the tens digit of 6533378?
7
What is the thousands digit of 18301287?
1
What is the hundred thousands digit of 8542178?
5
What is the hundreds digit of 203406?
4
What is the ten thousands digit of 6369641?
6
What is the hundred thousands digit of 1183201?
1
What is the thousands digit of 270938?
0
What is the thousands digit of 282025?
2
What is the tens digit of 3866203?
0
What is the hundreds digit of 10724404?
4
What is the tens digit of 3552892?
9
What is the ten millions digit of 21021159?
2
What is the millions digit o